 72 = 3*p. Calculate the highest common factor of 70 and z.
10
Let s(u) = -u**3 + 15*u**2 + 17*u - 14. Let x be s(16). Suppose -5*n = -5*m - 300, -x*n + 14 = 5*m - 78. Calculate the highest common factor of 14 and n.
14
Suppose -74 = -2*u - 0*u. Let b = 203 + -92. What is the greatest common factor of u and b?
37
Let c(r) = -r**3 + 8*r**2 - 8*r + 14. Let g be c(7). Calculate the greatest common divisor of g and 56.
7
Let z = 2278 + -1147. Calculate the highest common factor of 58 and z.
29
Let z(x) = 97*x + 401. Let t be z(-4). Calculate the greatest common factor of t and 169.
13
Suppose -12*q = -3*h - 11*q + 1781, -5*h - 4*q + 2974 = 0. Calculate the highest common divisor of h and 54.
54
Let w be 14/4 - 2/4. Suppose -2*k = -w*k + 30. Calculate the highest common factor of k and 12.
6
Let x = 41 + -21. Let v be 47 - ((-6)/8 - 27/12). What is the highest common divisor of v and x?
10
Suppose -2*h - 2*l = -5*l - 10, -2*h + 5*l = -2. Suppose 0 = i - 2*i + h. Calculate the greatest common divisor of 77 and i.
11
Let q(t) = -7*t - 13. Let p be q(-3). Suppose -407 + 15 = -p*o. What is the highest common divisor of o and 14?
7
Let t = 155 - 92. Suppose 0 = -0*r + 2*r - 14. What is the highest common divisor of r and t?
7
Let j = -46 + 80. Let d(m) = -m**2 + 3*m + 35. Let v be d(6). Calculate the highest common divisor of j and v.
17
Let m(f) = -f + 217. Suppose 3*j - j = j. Let g be m(j). Calculate the highest common divisor of g and 31.
31
Let g = -82 + 108. Suppose -108 = -g*u + 23*u. Calculate the greatest common divisor of u and 4.
4
Let h = 10 + -22. Let l be h/(-20) + 3/(-5). Let s(r) = r**3 + r**2 - r + 13. Let a be s(l). Calculate the highest common factor of 52 and a.
13
Suppose 0 = -7*h + 4*h + 63. Let f be (1 - 3) + h/1. Calculate the greatest common factor of f and 171.
19
Let c(p) = p**3 - 9*p**2 + 17*p + 1. Let t be c(7). What is the highest common factor of t and 110?
22
Suppose -2768 = -32*q + 5968. What is the greatest common divisor of q and 14?
7
Let d be (612/(-162))/(-17) + (-718)/(-9). Suppose 0*a = 3*a - 9. Suppose u + a*u = 64. Calculate the highest common divisor of d and u.
16
Let p(i) = i**3 - 5*i**2 + 8*i + 8. Let w be p(7). Let x = -72 + w. Suppose -x = -4*z - z. Calculate the greatest common divisor of 12 and z.
6
Let s(n) = -n**3 + 15. Let z be s(0). Suppose 0*c - 2*r + 74 = -c, -z = -5*r. Let x = 124 + c. Calculate the greatest common factor of 84 and x.
28
Let s be -3 - (320/4)/(-5). Suppose 0*z + 44 = -3*q - z, 3*z + 4 = -q. Let j = 10 - q. Calculate the highest common divisor of s and j.
13
Suppose 6*w = 5*w + 80. Let b = -24 + 52. Suppose 4*r - w = b. What is the highest common divisor of r and 3?
3
Let o = -2052 + 2852. Calculate the highest common divisor of 32 and o.
32
Suppose o + 10 = 5*m, 4*m + 2*o + 2 = 24. Suppose 1 = -n + m. Let v = 46 - n. Calculate the greatest common factor of v and 4.
4
Let c(n) = -n**3 - 5*n**2 + 6*n + 22. Let s be c(-6). Calculate the greatest common factor of 99 and s.
11
Suppose -268*o - 4266 = -270*o. What is the highest common factor of 27 and o?
27
Let k = 599 + 114. Calculate the highest common divisor of 23 and k.
23
Suppose -3*d - 75 = -3*z, -3*z - d + 75 = -0*z. Suppose z = -3*g + 727. What is the greatest common factor of 26 and g?
26
Let g be ((-4)/3)/((-7)/21). Let v be -1 - (g*49)/(-4). Calculate the greatest common divisor of v and 12.
12
Let h(r) = -r**2 + 8*r - 14. Let a be h(3). Let b be (2 - a)*(-159)/(-6)*2. What is the highest common factor of b and 424?
53
Suppose 130 = 11*a + 2*a. What is the greatest common divisor of 35 and a?
5
Let m(a) be the first derivative of a**3/3 + 3*a**2/2 + 6. Let z be m(3). Suppose 2*k = -k + z. Calculate the greatest common factor of k and 12.
6
Let t = 809 + -779. Calculate the greatest common factor of 930 and t.
30
Suppose -3*k - 4*i - 512 = 0, -1 = -3*i + 2*i. Let v be k/(-14) + (-4)/14. Let c = 119 + 13. Calculate the highest common factor of c and v.
12
Let j be -2*(-3)/33 - 320/(-55). Let p be 2/(-4)*(-11 - -5). Suppose -15 = p*s, 1 = 2*v - 2*s + 3*s. Calculate the greatest common factor of v and j.
3
Let j be 7/(21/2)*18. Let l be 166/7 - (-20)/70. Calculate the highest common factor of j and l.
12
Let s(y) = -y**2 - 9*y - 3. Let n be s(-6). Let v be n*6/9*20/25. What is the greatest common factor of 88 and v?
8
Suppose 3101 = 4*u + 5*c - 6*c, -4*c + 3850 = 5*u. What is the highest common factor of u and 6?
6
Let s = 1149 - 1121. What is the greatest common factor of 2996 and s?
28
Let u(d) = -24*d - 104. Let f be u(-11). What is the greatest common factor of 4 and f?
4
Suppose 5*u = 3*u + 24. Let f be 2/u - (-98)/(-12). Let p be (-2)/f - 1437/(-12). Calculate the highest common factor of p and 30.
30
Let h = 1321 - 497. Calculate the greatest common divisor of 8 and h.
8
Let w = 47 + -159. Let p = w + 159. Calculate the highest common factor of 376 and p.
47
Suppose -2*m = 2*a + 10, m - 23 = 5*m + a. Let d be (-1)/((m - -3)/6). Suppose -5*s = u - 96, -u = u - d. Calculate the highest common factor of 95 and s.
19
Suppose -4*w = 3*k - 63, w + 3*k = -0*k + 27. Let s = 8 + w. Let g be 0 + (-2)/10 + 101/5. Calculate the greatest common divisor of s and g.
20
Let w be 6/((-2)/(-3) - 2059/3480). Let u(c) = -3*c - 7. Let i be u(-5). Let m = w - i. Calculate the greatest common factor of m and 8.
8
Let i(g) = g**2 + 9*g - 1. Let o be i(-9). Let h(p) = -18*p**2 + p + 4. Let y be h(3). Let l = o - y. Calculate the greatest common factor of 22 and l.
22
Let b be ((-2)/5)/(1/(-5)). Let p be b + (-2 - 0) - -5. What is the greatest common divisor of p and 15?
5
Let n be (-8 + 2)/(-1 + 3). Let q be 50/(-3) - n/(-9). Let i = -11 - q. What is the greatest common factor of i and 42?
6
Let s be (4/5)/((-1377)/690 + 2). Suppose -2*f = -4*x + s, 4*x + f - 2*f - 188 = 0. What is the highest common divisor of x and 72?
24
Let w be 83/17 - 10/(-85). Let h be 6/15*w + 0. Suppose 2*d - 18 = -3*v, 3*v - 2 = 2*v. What is the greatest common divisor of h and d?
2
Suppose 23*k - 17*k = 516. Suppose -q = -2*c - 29, -2*q - 2*q - 2*c + k = 0. Calculate the highest common divisor of 184 and q.
23
Suppose 3*c - 3*p - 75 = 0, 3*c - 81 = -p - 2*p. Let j = 3908 - 3830. What is the greatest common factor of j and c?
26
Suppose -2*y = j + 2*y + 12, -3 = -j + y. Suppose -o + 15 + 14 = j. Calculate the highest common factor of 116 and o.
29
Suppose -f + 3*j + 29 = 0, 2*f + f - 75 = 5*j. What is the highest common factor of 100 and f?
20
Let f(o) = -o. Let k be f(-1). Let w = -717 + 728. Calculate the greatest common factor of k and w.
1
Suppose 5*h = h + 4*q - 200, h + 2*q = -35. Let s = h + 12. Let z be s/(-11) - 3*-83. Calculate the greatest common factor of 28 and z.
28
Suppose q + q - 16 = 0. Let u(i) = i**3 - 2*i**2 - 5*i - 10. Let s be u(5). Calculate the greatest common factor of s and q.
8
Suppose -2*k + 177 = -5*a - 27, 3*a - 2*k + 120 = 0. Let s = 9 - a. What is the greatest common factor of s and 17?
17
Let j = -3 - -13. Suppose -f + 3 = -4*f, -2 = -l - f. Suppose x = -3*v + 2*x + 34, l*x = -4*v + 28. Calculate the greatest common divisor of v and j.
10
Let c be (93*(-160)/72)/(2/(-3)). What is the greatest common divisor of c and 62?
62
Let i(s) = -s**2 + 5*s + 29. Let c be i(-3). What is the highest common factor of c and 280?
5
Suppose -3*x - 32 = -11*x. What is the greatest common factor of x and 46?
2
Let y = -24 - -48. Let z(n) = 5*n**3 - 4*n**2 + n + 4. Let r = 0 + 4. Let k be z(r). Calculate the greatest common divisor of k and y.
24
Let k = -156 + 186. What is the highest common divisor of 10 and k?
10
Suppose -4709 = -5*g + 7136. What is the greatest common factor of g and 103?
103
Let s(q) = q**2 - 2*q - 2. Let p be s(6). Let x(d) = -14*d + 42. Let r be 1*(2 + 6)*-1. Let k be x(r). Calculate the greatest common factor of k and p.
22
Suppose -216 = -3*a - 3*a. What is the greatest common divisor of 48 and a?
12
Suppose -4*b - 3*p = -1655, p - 3*p + 1658 = 4*b. What is the highest common divisor of 78 and b?
26
Suppose 0 = -3*w + 223 - 55. Suppose 149*g - 434 = 139*g + 406. Calculate the greatest common divisor of w and g.
28
Let o be 20/50*(-5)/(-1). Suppose o*a - 32 = -x, -37 = -2*x + 2*a + 3*a. Let j = x - 11. Calculate the highest co